 of h(c)?
1
Suppose 4*s + s + 65 = 0. Let p = s - -22. What is the units digit of p?
9
Let b(q) = q**2 + 3*q + 4. Let w(g) = g**3 - 7*g**2 + 7*g - 9. Let m be w(6). What is the units digit of b(m)?
4
Suppose 7*s - 3*s = 260. What is the units digit of s?
5
Suppose 7*m = -m + 664. What is the tens digit of m?
8
Let c = 389 + -115. What is the units digit of c?
4
Let c be -2 - -4 - (-3 - 1). Suppose 2*m - c*q = -4*q, -2*m + 3*q + 2 = 0. What is the units digit of (6/9)/(m/(-21))?
7
Suppose 0 = -4*p + 91 + 49. What is the units digit of p?
5
Suppose -n - 3*n + 8 = 0. Suppose 0 = j + n*z + 7, -6*j + 5 = -j + 2*z. What is the units digit of j?
3
Let z(p) = -42*p**2 + 9*p + 3. Let h(x) = 21*x**2 - 4*x - 1. Let s(o) = 5*h(o) + 2*z(o). Let w be s(1). Let k = w + -14. What is the units digit of k?
6
Let k = -56 - -136. Let p = 48 - k. Let t = -21 - p. What is the tens digit of t?
1
What is the units digit of 441/12 + (-8)/(-32)?
7
Suppose -3*y + 84 = -81. What is the units digit of y?
5
Let q be 13/(-11) - (-4)/22. Let z be q*14*(-3)/6. Let m = z - 5. What is the units digit of m?
2
Let n = -5 + 5. Suppose z + n*f = -2*f + 1, -5*z + 2*f + 41 = 0. What is the units digit of z?
7
Let x be 1/4 + 121/44. What is the tens digit of x*(-8)/36*-24?
1
Let x be (-8)/(-10)*75/10. Suppose x*h = 3*h. Suppose 2*l - 7*l + 65 = h. What is the units digit of l?
3
Let p(l) = l**2 + 28*l - 35. What is the hundreds digit of p(-34)?
1
Let j = 30 + 11. What is the units digit of j?
1
What is the tens digit of (2/(-4))/((-3)/174)?
2
Let n(o) = o + 3. Let v be n(3). Suppose 4*l - v = -2. What is the units digit of l?
1
Let n be 4/(-22) + (-224)/(-22). Suppose -2*q = n, -4*q = -a - q + 27. Suppose -a = u - 2*u. What is the units digit of u?
2
Let h = 17 - 19. What is the units digit of h/4 - (-26)/4?
6
What is the units digit of ((-92)/(-3))/((-10)/(-15))?
6
Suppose -4*a = -14 + 74. Let p = a - -60. What is the units digit of p?
5
What is the tens digit of 1/4 - (-525)/28?
1
Let u(r) = 2*r**2 - 3*r - 2. Let m be u(4). Suppose -m - 30 = -5*z + 4*i, -z = -3*i - 14. What is the units digit of z?
8
Let z = -109 + 51. Let u = 109 + z. What is the units digit of u?
1
Let z(j) = 3*j**3 + 17*j**2 + 4*j + 2. Let o(n) = 7*n**3 + 34*n**2 + 9*n + 4. Let t(y) = -4*o(y) + 9*z(y). What is the units digit of t(17)?
2
Let z(o) be the second derivative of o**3/3 + 2*o**2 + 3*o. What is the tens digit of z(3)?
1
Suppose 4*l - 4*t = -0*l - 16, -12 = -3*t. Let n be l - (-36 - (-2)/2). Suppose 0 = -8*c + 3*c + n. What is the units digit of c?
7
Suppose 4*s - 68 = -0. What is the units digit of s?
7
Let x be 9/(-12) - (-54)/8. Let d = 0 + x. What is the units digit of d?
6
Let k(s) = -s - 2. Let f be k(3). Let b = f - -7. Suppose p + 0*p + 5*r - 8 = 0, b*p - 16 = 4*r. What is the units digit of p?
8
Suppose -4*u - 6*r + 20 = -5*r, 2*r + 32 = 4*u. What is the units digit of (-10)/15 + 40/u?
6
Suppose -15*p + 12*p + 234 = 0. Let h = 114 - p. What is the units digit of h?
6
Let j = -68 + 144. What is the units digit of j?
6
Let i(g) = g**3 + g + 3. Let m be i(0). What is the units digit of (-1)/(28/10 - m)?
5
Suppose -a - 545 = -2*u, 2*a = -7 - 3. What is the tens digit of u?
7
Let o(p) = 24*p + 8. Let g(a) = -8*a - 3. Let b(r) = 14*g(r) + 5*o(r). What is the units digit of b(5)?
8
Let s = 31 + -13. What is the units digit of s?
8
Suppose 55 = y + 4*c, -3*y - 3*c = -320 + 110. What is the tens digit of y?
7
Let c = 1 + -6. What is the units digit of (3/(-1) - c) + 5?
7
Let h be (-1 - -3)*(-3 + 5). Let u(r) = r - 4*r**2 - 2*r + 5 + 3*r**3 - 2*r**3. What is the units digit of u(h)?
1
Let u(z) = z**2 - 2. Suppose 2*m - 9 = -m. What is the units digit of u(m)?
7
Let g(q) = q - 1 - 2*q + 3 - q**2. Let u be g(-2). Suppose -4*b + 4 = -u*b. What is the units digit of b?
1
Suppose 6*i = 2*i + 48. Let r be (-2)/(-8) - (-165)/i. Suppose -4*o = -18 - r. What is the units digit of o?
8
Let f(g) be the first derivative of -g**4/24 + 5*g**3/6 - g**2 - 2. Let d(n) be the second derivative of f(n). What is the units digit of d(3)?
2
Let i(l) = -l. Let m be i(-5). Suppose -m*u = -23 + 3. What is the units digit of u?
4
Let h(s) = -s**2 - 15*s + 17. What is the tens digit of h(-8)?
7
What is the units digit of (-12)/78 - 28/(-13)?
2
Suppose -5*j - 5*i = 15, 5*i + 15 = 4*j - 18. Suppose j*x + 11 = 61. What is the tens digit of x?
2
Let u(q) be the second derivative of -q**5/20 + 2*q. What is the units digit of u(-1)?
1
Let p = 0 + 8. Let l = p - 0. What is the units digit of (l/(-3))/((-2)/3)?
4
Let n be ((-12)/16)/((-2)/8). Suppose -n*s + 108 = s. What is the units digit of s?
7
Let v be 397/7 - (-6)/21. Suppose 3*i - 6*i = -v. What is the tens digit of i?
1
Let x(q) = -3*q**3 - 6*q**2 - 3*q + 3. What is the units digit of x(-5)?
3
What is the tens digit of (-2)/6 + (-210)/(-9)?
2
Let u(q) = -8*q + 2. Let d be u(-5). Let g = d - 22. What is the tens digit of g?
2
Suppose 0*n - 2 = -n. Suppose -n*d + 16 = 2*x, 3 = 2*x + 1. What is the units digit of d?
7
Let u(y) = y**2 + 3*y + 4. Let i be u(-4). Suppose 0 = -n - i - 0. Let x = n + 15. What is the units digit of x?
7
What is the units digit of 4/20 + (-298)/(-10)?
0
Suppose p + 2*p - 36 = 0. Let j be 24/(-11) - p/(-66). What is the units digit of (j/(-4))/((-5)/(-120))?
2
Suppose 3*n + 0*n + 18 = 0. Let z be 74/14 + n/21. Suppose -36 = -0*a - z*a - l, 4*l - 25 = -3*a. What is the units digit of a?
7
Let m(h) = -h**3 - 5*h**2 + 3*h - 7. What is the units digit of m(-6)?
1
What is the units digit of 89/2 - (-4)/8?
5
Let y(j) = 17*j**3 + j**2 - 1. Let n(p) = p**2 + p. Let u be n(1). Let d = u + -1. What is the tens digit of y(d)?
1
What is the units digit of ((-28)/(-70))/(1/15)?
6
Let r(v) = -v**3 - 9*v**2 + 4*v + 15. Let d be r(-10). Suppose -5*i = -d - 20. What is the units digit of i?
9
Suppose 0*s - 47 = -s + t, -4*s - 3*t + 181 = 0. What is the tens digit of s?
4
Suppose j + 2*f = 15, 3*f = -4*j + 2*f + 88. What is the units digit of j?
3
Let x(i) be the first derivative of -i**3/3 - 13*i**2/2 - 11*i + 11. Suppose -2*a - 12 - 8 = 0. What is the units digit of x(a)?
9
Let t be 2/(-1 + 3) - -1. Suppose t*r = 13 + 5. What is the units digit of r?
9
Let d be 9/1*(-1)/(-3). Suppose 0*c + d*c = -18. What is the units digit of -3*((-2)/c + -3)?
8
What is the units digit of (-18 + 3)/(0 - 1)?
5
Suppose 0 = 2*d + i - 15, 0*i + 4*i = -2*d. What is the units digit of d?
0
Suppose -11 = -3*c - 4*q, -5*q = 3*c + c - 16. What is the units digit of c?
9
Suppose -1175 = 17*o - 21*o - 5*c, -4*o + 3*c + 1151 = 0. What is the tens digit of o?
9
Let y be 6*(7/(-6) - -2). Suppose -y*k - 6*p + 113 = -4*p, -2*k + 4*p + 26 = 0. What is the units digit of k?
1
Suppose q = -0*q - 1. Let a be (-5)/q*(-4)/(-5). Suppose -o + 0*g + g = -4, 4 = o + a*g. What is the units digit of o?
4
What is the units digit of (23 - (4 - 7)) + 0?
6
Suppose -1 = 2*c + 13. Let w = 0 + c. Let x = 17 + w. What is the tens digit of x?
1
Let x(g) be the second derivative of -g**3/3 + 25*g**2/2 - 7*g. What is the units digit of x(0)?
5
Let z = 19 - 13. What is the units digit of z?
6
Let d(u) = u**3 + u**2 - 2*u. Let r be d(-2). Let y be (-9)/(-3) + (r - 1). What is the tens digit of (2 - 7)/(y/(-8))?
2
Suppose 3*q = -2*y - 4, -2*q + 4 + 25 = -5*y. What is the units digit of q?
2
Suppose 3*s - s = -28. Let l = s - -35. What is the tens digit of 4/1*l/6?
1
Let f = 4 + -4. Let g be (2*-1 - -4) + f. Suppose -5*d - 38 - 2 = -4*y, -g*y = -4*d - 26. What is the units digit of y?
5
Let s = -100 - -193. Suppose x = 4*u - s, 0*u + 4*x = 4*u - 96. What is the units digit of u?
3
Suppose -24 = -s + 3*o + 34, -5*s + o = -220. What is the units digit of s?
3
Let c = 3 + 2. Suppose 5*p - 2*u = 22 + 23, c*u = -25. What is the units digit of p?
7
Let z = -10 + 3. Let j(u) = -u**3 - 7*u**2 - 4. Let v be j(z). Let n(c) = -c**3 - 4*c**2 - 3*c - 6. What is the units digit of n(v)?
6
What is the units digit of (-670)/(-10) - (-2)/2?
8
Suppose 1 = 4*r - 11. Suppose 2*q + r = -5*f + 9, -q + 3*f + 14 = 0. Let u(z) = -z + 9. What is the units digit of u(q)?
1
Suppose 5*r = 107 + 678. What is the tens digit of r?
5
Let d = 344 - 204. What is the tens digit of d?
4
Let h = 429 + -164. What is the hundreds digit of h?
2
Let g = 1 - -1. Suppose 